t r be -9*(1 + 4/(-3)). Let l be j(r). Suppose 3*k - l = k. Determine h(k).
5
Let j(t) = -t**3 + 7*t**2 + 7*t - 3. Let b(g) = 9*g**2 + g - 4. Let r be b(-2). Let f = -22 + r. Determine j(f).
-11
Let k(z) be the third derivative of z**5/60 + z**4/8 + 19*z**2 + 17. Suppose 0 = 3*o - 8*o - 15. What is k(o)?
0
Let v(i) = -i + 2. Let x be v(6). Let d be -2 + x + 5 + 5. Let y(k) = k**3 - 5*k**2 + 3*k + 5. Calculate y(d).
1
Suppose 0 = 8*f - 9*f + 13. Let g(l) = l**3 - 12*l**2 - 15*l - 1. Let d be g(f). Let v = 32 + d. Let z(n) = n**2 - 4*n + 6. Give z(v).
11
Suppose -g = s + 20, -2*s + 32 = -5*g - 82. Let a = g + 25. Let j(c) = -1 - 3*c**3 - c**3 + 3*c**a + 5*c**2 - 3*c. Give j(4).
3
Suppose 0 = -5*v + 9 - 29. Let y(t) = 3*t + 3*t - 5*t + 7. Calculate y(v).
3
Let t(k) = -k + 8. Let o be t(3). Let f(q) = 3*q + q**2 + 6*q - 4 - o*q. Calculate f(-6).
8
Let z(f) be the second derivative of -1/2*f**3 + 0 + 14*f - 1/20*f**5 + 1/2*f**2 + 1/12*f**4. Determine z(2).
-9
Let t(a) be the second derivative of a**4/24 - a**3 - 12*a**2 - 3*a. Let b(y) be the first derivative of t(y). Determine b(0).
-6
Let f(b) = 4*b. Let r(w) = -w**3 + 3*w**2 + 4*w - 1. Let o be r(2). Let y be 2/4*(o + -5). Suppose -22 + 19 = -y*q. Give f(q).
4
Let k(x) be the first derivative of x**4/4 + x**3 - x**2/2 - 3*x + 1. Suppose -5*y + f = 24, -3*f + 0*f = -2*y - 20. Give k(y).
-15
Let s(f) = 3*f**3 - 21*f**2 - 23*f + 13. Let k(c) = -c**3 + 7*c**2 + 8*c - 4. Let x(l) = 8*k(l) + 3*s(l). Determine x(7).
-28
Let d(n) = 16*n - 9. Let g(h) = 19*h - 9. Let t(r) = -7*d(r) + 6*g(r). Let i = -6 + 0. Determine t(i).
-3
Let m be (0 - -4)/(14/(-35)). Let c(b) = b + 10. Determine c(m).
0
Let r(o) be the second derivative of -o**5/10 + o**4/4 + o**3/3 + o**2 - 174*o. Determine r(-2).
26
Suppose -12*b + 26 = 2. Let v(g) = -2*g**3 - 2*g**2 - g. Let t be v(-1). Let w(c) = 16*c**2 + 2 - 3*c + t - 17*c**b. Calculate w(-3).
3
Let s(a) be the second derivative of a**3/6 - 11*a**2/2 + 2*a - 135. Give s(5).
-6
Let r(v) = -12*v - 1. Let d(s) = -s**2 + 8*s - 8. Let m(w) = -w**2 - 17*w - 9. Let l be m(-16). Let n be d(l). What is r(n)?
11
Let u(y) = y**2 + 6*y + 1. Let v be -4 - (8/1 + -9). Calculate u(v).
-8
Let s(g) = 3*g + 0 - 1 - 4*g. Let a = 16 + -11. Let m(h) = -h**2 + h - 2. Let d(c) = a*s(c) - m(c). Calculate d(6).
-3
Let g(w) be the third derivative of -w**6/120 - w**5/30 + w**4/24 - w**3/3 + 29*w**2. Suppose 7 = -5*y - 8. Calculate g(y).
4
Let n be (2 - 1)/((-4)/(-16)). Let t(r) = 2*r**3 + 5*r**2 - r - 7. Suppose 0*x + 7*x = 7. Let z(q) = q**3 + q - 1. Let m(a) = x*t(a) - 3*z(a). Calculate m(n).
-4
Let v(d) = -d**3 + 14*d**2 + 15*d + 18. Let c be v(15). Suppose -4*z - c = -2*u - 2, 5*z - u + 23 = 0. Let s(i) = i**2 + 5*i + 3. Give s(z).
3
Suppose 0 = 3*g - 2*d - 2*d - 21, -6 = -4*g - 2*d. Let j(w) be the first derivative of 5/2*w**4 - 9 + w + 1/2*w**2 - 1/3*w**g. Determine j(-1).
-11
Let p = 10 + -10. Let i = p - 1. Let t(y) = 5*y**3 + y + 1. Let a be t(i). Let b(n) = -n**2 - 5*n - 6. Give b(a).
-6
Let h(t) = -t**3 + 2*t**2. Suppose 21 = 3*y + 6. Let z be y - (2 + 2/1). What is h(z)?
1
Let g be ((-1)/((-20)/(-25)))/(1/4). Let o(l) = 3 - 9 + l + 0*l. Calculate o(g).
-11
Let v(u) = -33*u - 10. Let l(p) = -40*p - 12. Let o(w) = -4*l(w) + 5*v(w). What is o(-2)?
8
Let i be (-6)/(-27) - 33/27. Let w be (i - (-6 + -1))/((-42)/(-28)). Let k(q) = -q**3 + 3*q**2 - q - 1. Calculate k(w).
-21
Let a(h) = -h**2 - 11*h + 2. Let m be ((-2)/3)/((-8)/(-132)). Let p be a(m). Let x = -2 - p. Let i(y) = y**2 + 4*y - 4. Give i(x).
-4
Let w = 1206 - 1212. Let i(y) be the third derivative of -y**4/12 - 4*y**3/3 - y**2. What is i(w)?
4
Suppose -4*m - 4*u = -40, 0*m + u - 25 = -4*m. Let i(y) = -3 + 6*y - 2*y + 5*y - 5*y. Calculate i(m).
17
Let s(v) = -v**3 + 7*v**2 - 3*v - 12. Let o be (60/(-35))/((-4)/14). Let u be s(o). Suppose -u*b + 7*b = 4. Let z(r) = r**3 - 3*r**2 - 4*r + 4. What is z(b)?
4
Suppose -22 = -43*t + 193. Let a(c) = c**3 - 6*c**2 + 2*c + 17. Give a(t).
2
Let b(l) = -l**3 + 5*l**2 + l + 1. Suppose -w - 22 = -5*k, -2*k + w + 12 = k. Suppose -k*t = -4*v - 5, 5*v + 10 = 10*v - 3*t. Calculate b(v).
6
Let g(d) be the second derivative of d**2 + 0 - 1/10*d**5 - 1/6*d**3 - 3*d + 1/12*d**4. Determine g(2).
-12
Let v(t) be the third derivative of 4*t**2 - 1/4*t**4 + 0 + 0*t - 1/60*t**5 - 1/3*t**3. Let g = -12 + 7. Give v(g).
3
Let k(w) = -w. Let d be k(4). Let a(l) be the second derivative of -l**5/40 + l**4/24 - l**3 + 6*l. Let p(c) be the second derivative of a(c). Determine p(d).
13
Let j(h) = -h**2 + h + 5. Suppose 13 = -4*z - 11. Let q be (-16)/2*z/12. Calculate j(q).
-7
Let o = -10 + 15. Let u = -13 - -10. Let t = u + o. Let f(v) = -v**2 + 2*v + 1. Give f(t).
1
Suppose -2*x + 5*t - 2 + 1 = 0, -4*t + 8 = 2*x. Let f(n) = n + 2*n + 4 - n**2 + 5 - x. Give f(5).
-3
Let p(v) = -v**3 + 25*v**2 - 48*v + 46. Let n(h) = -121*h + 991. Let o be n(8). Give p(o).
0
Let m(k) = -k**2 + 5*k + 3. Let i(n) = -n**2 - 9*n - 10. Let p(s) = -s**3 + 7*s**2 - 5*s + 9. Let j be p(6). Let r = -22 + j. Let h be i(r). What is m(h)?
7
Suppose 8 = 7*s - 6. Suppose 18 = -5*x + 2*i, 5*i - 30 = 7*x - s*x. Let d(g) be the third derivative of -g**4/4 - g**3/3 - 9*g**2. Determine d(x).
10
Let n(o) be the third derivative of -o**6/120 - o**5/10 - 7*o**4/24 - o**3 + 22*o**2. Calculate n(-5).
4
Let x = -412 + 415. Let n(k) = -k**2 + 3*k - 1. Calculate n(x).
-1
Let v(g) = -12*g. Let n(k) = -k**2 - 11*k - 14. Let w be n(-9). Let f be -2*((-28)/(-8) - w). Give v(f).
-12
Let u = -201 - -202. Let d(f) = 5*f**3 - 2*f + 1. What is d(u)?
4
Suppose -17*i + 95 = -24. Let z(y) = -y**3 + 7*y**2 - 4*y + 4. Determine z(i).
-24
Let x(n) = n**3 + 7*n**2 - 9*n - 4. Let o(p) = -3*p + 118. Let l be o(42). Determine x(l).
4
Suppose 0*k + 2*k + 29 = 5*y, 0 = y - 2*k - 1. Let p(f) be the second derivative of 1/6*f**3 - 2*f**2 + 0 + y*f. What is p(3)?
-1
Let z(q) = 6*q**2 - 1. Let c(k) = k**3 + 26*k**2 + 6*k + 6. Let f(x) = -c(x) + 3*z(x). Determine f(-8).
39
Let w = -727 - -734. Let t(v) be the first derivative of -1/2*v**2 - 2/3*v**3 + v - w. What is t(1)?
-2
Let j(r) = -2*r + 13. Let s be j(4). Let b(n) = -s*n + 1 + 4*n - 4 + 4. Give b(6).
-5
Let h(s) = s + 14 - 24 + 5 + 7. Suppose -5 = -2*g + 1. Suppose 5*d + 5*w - 25 = 0, -3 = -g*d + 3*w - 6. What is h(d)?
4
Let q(y) be the second derivative of y**3/2 + 22*y - 1. What is q(2)?
6
Let u(d) = 0*d + 2*d + 4*d - 3 - 3*d. Let m(r) = -r + 1. Suppose 3*y - 20 = -5. Let j(x) = y*u(x) + 12*m(x). Determine j(2).
3
Let u(b) = -b + 5. Let h be (6 + -6)*(15/6)/(-5). Give u(h).
5
Suppose -11 = 5*h - 106. Suppose 17*d = h*d - 10. Let n(t) = t - 3. Calculate n(d).
2
Let u = -73 + 17. Let v = -60 - u. Let c(b) = -b**3 - 5*b**2 - 2*b + 4. What is c(v)?
-4
Let v(f) be the first derivative of -f**2/2 - 9*f + 51. Give v(-7).
-2
Let g(n) = -n**3 - 8*n**2 + 4. Let r be g(-8). Let l(c) = 7*c**2 - 5*c + 1. Let w(u) = 10*u**2 - 8*u + 2. Let h(y) = 7*l(y) - 5*w(y). Determine h(r).
1
Let t(i) be the third derivative of 1/20*i**5 + 0*i + 13*i**2 + 1/12*i**4 - 1/120*i**6 + 0*i**3 + 0. Give t(4).
-8
Suppose -5*a + a - 9 = -3*j, 5*j + 2*a = 41. Let m(z) = -1 - j*z**2 + 3*z**2 + z**3 + 2 + z. Suppose 1 = w - 1, -3*b + 4*w = -1. Determine m(b).
-5
Let g(t) = -t**3 + 2*t**2 + 13*t - 30. Let m be g(3). Suppose m = 4*q + 55 - 79. Let v(i) = i**2 - 4*i - 1. What is v(q)?
11
Let z(y) = -y**2 - 18*y - 59. Suppose 11*g - 25 = 16*g + 2*n, 15 = -3*g - 5*n. Determine z(g).
6
Let x = 33 - 28. Suppose x*n = v - 36, -5*n - 5*v - 22 = 8. Let u = n + 6. Let z(a) = 7*a. Give z(u).
-7
Let u be 10 + (-633)/33 - (-2)/11. Let z(g) = -g**3 - 10*g**2 - 11*g - 12. Give z(u).
6
Let k(l) = 39. Let y(s) = -s**2 - 2*s - 2. Let h(v) = -k(v) - y(v). Give h(-7).
-2
Let m(n) = -n**2 + 2*n**2 - 38 + 0*n**2 - 21*n - 2*n**2. Let q be m(-19). Let s(r) be the first derivative of r**2/2 - 4*r + 3. Calculate s(q).
-4
Let m(b) be the third derivative of 1/4*b**4 - 1/20*b**5 - 1/120*b**6 + 1/2*b**3 + 0 + 0*b - 2*b**2. Determine m(-4).
-5
Suppose -551*q = -552*q + 2. Let h(b) be the first derivative of -1/4*b**4 - 5 + 3*b - 5/2*b**q - 2*b**3. Give h(-5).
3
Let p(f) be the second derivative of f**4/12 - 3*f**2 - 73*f - 2. What is p(0)?
-6
Let w(o) be the second derivative of -o**3/6 - 2*o + 1